{"id":488,"date":"2026-03-10T11:33:53","date_gmt":"2026-03-10T10:33:53","guid":{"rendered":"http:\/\/elementor3.local\/sklep\/sum-z-sosem-grzybowym-puree-ziemniaczanym-i-blanszowanym-szpinakiem\/"},"modified":"2026-03-20T09:26:31","modified_gmt":"2026-03-20T08:26:31","slug":"sum-z-sosem-grzybowym-puree-ziemniaczanym-i-blanszowanym-szpinakiem","status":"publish","type":"product","link":"https:\/\/restauracjaakademia.pl\/sklep\/sklep\/sum-z-sosem-grzybowym-puree-ziemniaczanym-i-blanszowanym-szpinakiem\/","title":{"rendered":"Sum z sosem grzybowym, puree ziemniaczanym i blanszowanym szpinakiem"},"content":{"rendered":"<p>Filet z suma marynowany w mleku i pieczony dla zachowania delikatno\u015bci, serwowany z kremowym puree ziemniaczanym, blanszowanym szpinakiem oraz aromatycznym sosem borowikowym. To pe\u0142ne smaku danie dla mi\u0142o\u015bnik\u00f3w ryb i le\u015bnych aromat\u00f3w.<\/p>\n","protected":false},"excerpt":{"rendered":"<p>Pieczony filet z suma z sosem borowikowym, puree i szpinakiem.<\/p>\n","protected":false},"featured_media":445,"comment_status":"open","ping_status":"closed","template":"","meta":{"_acf_changed":false},"product_brand":[],"product_cat":[31],"product_tag":[],"class_list":{"0":"post-488","1":"product","2":"type-product","3":"status-publish","4":"has-post-thumbnail","6":"product_cat-dania-glowne","8":"first","9":"instock","10":"shipping-taxable","11":"purchasable","12":"product-type-simple"},"acf":[],"_links":{"self":[{"href":"https:\/\/restauracjaakademia.pl\/sklep\/wp-json\/wp\/v2\/product\/488","targetHints":{"allow":["GET"]}}],"collection":[{"href":"https:\/\/restauracjaakademia.pl\/sklep\/wp-json\/wp\/v2\/product"}],"about":[{"href":"https:\/\/restauracjaakademia.pl\/sklep\/wp-json\/wp\/v2\/types\/product"}],"replies":[{"embeddable":true,"href":"https:\/\/restauracjaakademia.pl\/sklep\/wp-json\/wp\/v2\/comments?post=488"}],"wp:featuredmedia":[{"embeddable":true,"href":"https:\/\/restauracjaakademia.pl\/sklep\/wp-json\/wp\/v2\/media\/445"}],"wp:attachment":[{"href":"https:\/\/restauracjaakademia.pl\/sklep\/wp-json\/wp\/v2\/media?parent=488"}],"wp:term":[{"taxonomy":"product_brand","embeddable":true,"href":"https:\/\/restauracjaakademia.pl\/sklep\/wp-json\/wp\/v2\/product_brand?post=488"},{"taxonomy":"product_cat","embeddable":true,"href":"https:\/\/restauracjaakademia.pl\/sklep\/wp-json\/wp\/v2\/product_cat?post=488"},{"taxonomy":"product_tag","embeddable":true,"href":"https:\/\/restauracjaakademia.pl\/sklep\/wp-json\/wp\/v2\/product_tag?post=488"}],"curies":[{"name":"wp","href":"https:\/\/api.w.org\/{rel}","templated":true}]}}